n*i = m - 3*m - 20. What is the units digit of i?
7
Let o = 32 + 3. What is the tens digit of o?
3
Suppose r = 4*l - 21, 2 = -4*l - 4*r - 2. Let k(g) = l*g - g - 4 - 4*g. What is the units digit of k(-7)?
3
Let o(k) = -k**2 - 1. Let j(u) = 5*u**2 + 3*u + 7. Let r(w) = j(w) + 6*o(w). What is the units digit of r(3)?
1
Let k(g) = 2*g**2 + 2*g - 1. Let y be k(2). Let r = 4 + y. What is the tens digit of r?
1
Suppose -2*j + 3*j = 3*k - 96, 4*k = 2*j + 128. What is the units digit of k?
2
Let g be (12/(-10))/(6/(-40)). Let t be (-3)/12 - 190/g. What is the tens digit of t/8*(-19)/3?
1
Suppose 2*d - 156 = -2*d + 4*g, 4*g = -3*d + 145. What is the tens digit of d?
4
Suppose 3*f + 153 = 3*h, -5*f + 20 = -3*h + 177. Let x = h + -28. What is the units digit of x?
1
Let y(f) be the first derivative of -3*f**2 - 2*f - 1. What is the units digit of y(-7)?
0
Let x be (-12)/(-30) + 26/10. Suppose -x*z = 4*b - 21, 3*b + 1 = 4*z - 27. What is the units digit of z?
7
Let g be 5*(21/5)/1. Let y = g - 14. What is the units digit of (-10 + -1)*(y - 8)?
1
Let o = 45 + -12. What is the tens digit of o?
3
Suppose -62 = -4*t + 118. What is the units digit of t?
5
Suppose -5*k - 2*c = -37, -3*k + 0*c = -2*c - 19. Let x = 14 - k. What is the units digit of x?
7
Suppose -5*o + 94 = -166. What is the units digit of o?
2
Let u be 3/(-6) - 42/(-4). Suppose h = 3*h - u. What is the units digit of h?
5
Let i(x) = -2*x**2 + 8*x + 6. Let k(h) = 2*h**2 - 7*h - 5. Let p(o) = 2*i(o) + 3*k(o). Let s be p(4). Suppose -31 = -4*m + s. What is the units digit of m?
0
Let a be (-1 - (-1 - -1))*-4. Let h = a + 0. What is the units digit of h?
4
Let u be (2 - 36/20)*10. Let b(g) = -g**2 + 1. Let v be b(-1). Suppose h - 3*m = -u*m + 13, -3*h - m + 31 = v. What is the units digit of h?
1
Let i(p) = -p + 7. Let t be i(13). Let q(f) = -f**2 - 6*f + 3. What is the units digit of q(t)?
3
Suppose -2*t + 15 = -5*t, -4*x + 2*t - 14 = 0. What is the units digit of 7*2/x*-3?
7
Let k = -1 + 3. Suppose d - 9 = o, -4 = -d - k*o - 1. What is the units digit of d?
7
Let d(f) = f**2 - 4*f. Let z be d(3). What is the tens digit of z/(-1) - (-36 + 5)?
3
Let p(j) = j + 1. Let z(n) = n + 2. Let c be z(4). What is the units digit of p(c)?
7
Let r(n) = 2*n - n**2 + 18 + 0*n**2 - n + n**3. Let f be r(0). What is the tens digit of (-4)/f - 101/(-9)?
1
Suppose 0 = o + 7 - 14. What is the units digit of o?
7
Let x = 83 - 66. What is the units digit of x?
7
Suppose 20 = 3*d + 5. Suppose -4*k - d = -1, -5*k - 2 = u. Suppose u*t - 5 = -2*t, 0 = -4*f + t + 27. What is the units digit of f?
7
Suppose -o - o + l + 5 = 0, -o + 5*l + 7 = 0. Suppose o*d + 4 = 12. What is the units digit of d?
4
Let q(s) = s**3 - 7*s**2 + 6*s + 4. Suppose 5*o - 35 = -k, 21 = o + k + 2*k. What is the units digit of q(o)?
4
Let w be 2 + (-1 - -2 - -2). Let m be 2*3*(-2)/3. Let q = w + m. What is the units digit of q?
1
Let b(c) = -c - 5. Let s be b(0). Let x = s + 13. What is the units digit of x?
8
Suppose h - 2*h - 13 = 2*y, 3*y + 3*h = -12. Let o = y + 6. What is the units digit of (o + 1)/(8/(-28))?
7
Let i(k) = -2*k**2 + 7*k - 10. Let h(g) = -g**2 + 4*g - 5. Let q(u) = 5*h(u) - 2*i(u). Let p be q(5). Suppose p = -2*n + n + 3. What is the units digit of n?
3
Suppose 3 = 3*g + 5*q, 0 = 3*g - 3*q + 5*q + 6. Let l be (-2)/(-4)*(g + -50). What is the tens digit of (-6)/l - (-426)/27?
1
Let d(n) = -n**3 - 6*n**2 - 5*n + 2. Let v be d(-5). Suppose 130 = 3*p + v*p. What is the units digit of p?
6
Suppose 57 = -o + 4*o. What is the tens digit of o?
1
Let z(w) = -w + 1. Let k be z(-8). Suppose k = 3*y - 3. What is the units digit of y?
4
Suppose 0 = -3*s - 4*l + 33, 0*s + s = 5*l + 11. Suppose -a = 5 - s. Let d = a + 0. What is the units digit of d?
6
Let r(g) be the second derivative of g**3/6 + 5*g**2/2 - g. Let l be r(0). Suppose -l*u - 58 = -4*q, -2*q + 3*u = -30 - 0. What is the tens digit of q?
1
Suppose -l + 69 = 9. What is the tens digit of l?
6
Let u = -8 - -21. What is the tens digit of u?
1
Suppose 2*x + 0*x + 2 = 0. Suppose 4*o + o + 15 = 0. Let c = x - o. What is the units digit of c?
2
What is the units digit of 39 + 1 + (-3 - -3)?
0
Let o = -3 + 5. Suppose -o*x - 3*u + 2*u + 21 = 0, 0 = 5*x + 5*u - 65. What is the units digit of x?
8
Let v be ((-2)/(-4))/((-1)/(-2)). Let b be (v/(-2))/(1/(-8)). Suppose y = -b + 14. What is the tens digit of y?
1
Suppose 16 = 2*b + 2*y, -5*y + 17 = -b + 1. Suppose 3*z = -x + 13, -b*x - 4*z + 21 = -23. What is the units digit of 8/x*30/4?
6
Let h(d) = d**2 + 4*d - 5. Suppose 6 - 1 = -z. Let p be h(z). Suppose p*v = 3*v - 6. What is the units digit of v?
2
Let z(x) = -x**2 + 3*x + 3. Let g = -8 - -11. What is the units digit of z(g)?
3
Let h(a) = -a - 7. Let c be h(-6). Let i = 4 + c. What is the units digit of i?
3
Let c = -59 - -110. What is the tens digit of c?
5
Let g = 14 + -34. Let p = 5 - g. What is the units digit of p?
5
Suppose -4*b - 2*c = -36, -5*b + 3*b + 4*c = -8. Let k be 2/8 - (-190)/b. Let l = k + -14. What is the tens digit of l?
1
Let z(f) = 2*f - 1. Let u = 5 - 3. Suppose -2*d + 14 = 2*x, 0 = u*x + 3*d - 5*d - 10. What is the tens digit of z(x)?
1
Let v(y) be the third derivative of y**5/10 - y**4/8 - y**3/3 - 6*y**2. What is the tens digit of v(-2)?
2
Suppose 4*i - 6 = 10. What is the units digit of i?
4
What is the units digit of (-2)/5 - (30968/(-35))/7?
6
Let x = 10 + 16. What is the tens digit of x?
2
Suppose 2*c = o - 0*o + 38, 4*o + 16 = 0. Let h = c + -8. What is the units digit of h?
9
Let a = -9 + 13. Suppose 11 - a = l. Let n = 8 - l. What is the units digit of n?
1
Let q be ((-4)/2)/(-2) + -6. Let m(y) = -2*y + 3*y - 2 - 3*y. What is the units digit of m(q)?
8
Suppose -3*s = -4*l - 37, s + 0*s + 4*l - 39 = 0. What is the tens digit of s?
1
Let c(p) = -p**3 - 3*p**2 + 4*p - 5. Let x be c(-4). Let q(n) = -2*n - 6. What is the units digit of q(x)?
4
Let q = -16 + 6. Let h be ((-2)/6)/((-2)/30). What is the units digit of (-2)/q + 4/h?
1
What is the tens digit of (-2)/(-9) - (16270/18)/(-5)?
8
Let a(x) = -6*x + 5. Let t(m) = -m + 1. Let s(c) = 44*c - 44. Let f(v) = -s(v) - 55*t(v). Let j(k) = 13*a(k) + 6*f(k). What is the units digit of j(-1)?
1
Let y = 0 - -2. Suppose y*r = 5*r. Suppose l + r = 2. What is the units digit of l?
2
Let v = -22 + 42. What is the tens digit of v?
2
Suppose u + 2 = 5. Let x(r) = 6*r - 1. What is the tens digit of x(u)?
1
Let m = 18 - 13. Suppose m*n - d - 8 = 0, -d - d + 14 = 5*n. Suppose -4*h - j + 38 = 0, 3*j - 17 = -n*h + 7. What is the units digit of h?
9
Let o(n) = 2*n**2 + 3*n + 7. What is the hundreds digit of o(-15)?
4
Suppose -3*z = 4*j - 672, 4*z + 4*j - 8*j = 924. What is the tens digit of z?
2
Let o be (0 - (1 - -2))*3. Suppose 42 = 3*p - q - 0, -2*q = 6. Let h = o + p. What is the units digit of h?
4
Let i(u) = -3*u**2 + u + 2. Let m be i(-2). Let l be -1 + (15 - -2 - -1). Let h = m + l. What is the units digit of h?
5
Let j = -30 - -16. What is the units digit of (-20)/(-6) - j/21?
4
Suppose -2*c + 0*c = -i + 1, -3*i + 13 = -c. What is the units digit of i?
5
Let r(v) = v**3 - 4*v**2 - 3*v - 7. Let y be r(5). Let t(x) be the third derivative of x**5/60 - x**3/2 + x**2. What is the units digit of t(y)?
6
Let j(x) = 15*x**2 + 16*x - 4. What is the tens digit of j(3)?
7
Let i(y) = -y**3 - 6*y**2 - y - 2. What is the units digit of i(-6)?
4
Let f(u) = 3*u - 18. Let t be f(6). Let g(v) = -v**2 + 6*v + 1. Let i be g(5). Let n = i + t. What is the units digit of n?
6
Let p(u) = -2*u**3 - 7*u**2 + 12*u + 6. What is the units digit of p(-6)?
4
What is the tens digit of (-4)/(-22) + (-1914)/(-121)?
1
Let j be 4/(-1 + (-10)/(-6)). What is the units digit of (2*2)/(3/j)?
8
What is the tens digit of (-4)/(-18) + 890/45?
2
Suppose 70 + 154 = 4*s. Suppose -4*x - h = h - s, 3*x + h - 43 = 0. What is the tens digit of x?
1
What is the units digit of (-2)/(-1) - (-5 + 1)?
6
Let a be (0/(-2))/((-2)/2). Let d be (-1)/(-1) - 12/(-4). Suppose 0 = 5*y - 5*u - 5, -d*y - 4*u = -a*y - 44. What is the units digit of y?
6
Let n = -5 - -7. Suppose 2*h - 4*a + 33 + 3 = 0, 2*a + 12 = -n*h. What is the tens digit of (-77)/(-5) + 4/h?
1
Let r = -21 - -29. Let j = r - 7. What is the units digit of j?
1
Let b(z) = -z**3 + 0*z + z - z**3 + z**3 - z**2 + 11. What i